Last updated on 2022-04-24 03:52:26 CEST.
Flavor | Version | Tinstall | Tcheck | Ttotal | Status | Flags |
---|---|---|---|---|---|---|
r-devel-linux-x86_64-debian-clang | 0.10.0 | 5.94 | 349.89 | 355.83 | OK | |
r-devel-linux-x86_64-debian-gcc | 0.10.0 | 4.68 | 249.37 | 254.05 | OK | |
r-devel-linux-x86_64-fedora-clang | 0.10.0 | 431.29 | NOTE | |||
r-devel-linux-x86_64-fedora-gcc | 0.10.0 | 477.06 | OK | |||
r-patched-linux-x86_64 | 0.10.0 | 8.29 | 318.62 | 326.91 | OK | |
r-release-linux-x86_64 | 0.10.0 | 5.23 | 289.68 | 294.91 | OK | |
r-release-macos-arm64 | 0.10.0 | OK | ||||
r-release-macos-x86_64 | 0.10.0 | OK | ||||
r-release-windows-x86_64 | 0.10.0 | 59.00 | 348.00 | 407.00 | OK | |
r-oldrel-macos-arm64 | 0.10.0 | OK | ||||
r-oldrel-macos-x86_64 | 0.10.0 | OK | ||||
r-oldrel-windows-ix86+x86_64 | 0.10.0 | 12.00 | 338.00 | 350.00 | OK |
Version: 0.10.0
Check: Rd cross-references
Result: NOTE
Undeclared package ‘globals’ in Rd xrefs
Flavor: r-devel-linux-x86_64-fedora-clang