Last updated on 2022-04-24 03:52:26 CEST.
Flavor | Version | Tinstall | Tcheck | Ttotal | Status | Flags |
---|---|---|---|---|---|---|
r-devel-linux-x86_64-debian-clang | 1.0.3 | 23.87 | 93.57 | 117.44 | OK | |
r-devel-linux-x86_64-debian-gcc | 1.0.3 | 19.51 | 68.99 | 88.50 | OK | |
r-devel-linux-x86_64-fedora-clang | 1.0.3 | 146.99 | NOTE | |||
r-devel-linux-x86_64-fedora-gcc | 1.0.3 | 127.41 | NOTE | |||
r-patched-linux-x86_64 | 1.0.3 | 19.71 | 86.16 | 105.87 | OK | |
r-release-linux-x86_64 | 1.0.3 | 20.54 | 82.18 | 102.72 | OK | |
r-release-macos-arm64 | 1.0.3 | OK | ||||
r-release-macos-x86_64 | 1.0.3 | WARN | ||||
r-release-windows-x86_64 | 1.0.3 | 251.00 | 135.00 | 386.00 | OK | |
r-oldrel-macos-arm64 | 1.0.3 | OK | ||||
r-oldrel-macos-x86_64 | 1.0.3 | WARN | ||||
r-oldrel-windows-ix86+x86_64 | 1.0.3 | 60.00 | 148.00 | 208.00 | NOTE |
Version: 1.0.3
Check: compiled code
Result: NOTE
File ‘futureheatwaves/libs/futureheatwaves.so’:
Found no calls to: ‘R_registerRoutines’, ‘R_useDynamicSymbols’
It is good practice to register native routines and to disable symbol
search.
See ‘Writing portable packages’ in the ‘Writing R Extensions’ manual.
Flavors: r-devel-linux-x86_64-fedora-clang, r-devel-linux-x86_64-fedora-gcc
Version: 1.0.3
Check: re-building of vignette outputs
Result: WARN
Error(s) in re-building vignettes:
...
--- re-building ‘futureheatwaves.Rmd’ using rmarkdown
Warning in engine$weave(file, quiet = quiet, encoding = enc) :
Pandoc (>= 1.12.3) not available. Falling back to R Markdown v1.
Quitting from lines 604-605 (futureheatwaves.Rmd)
Error: processing vignette 'futureheatwaves.Rmd' failed with diagnostics:
invalid 'path' argument
--- failed re-building ‘futureheatwaves.Rmd’
--- re-building ‘starting_from_netcdf.Rmd’ using rmarkdown
Warning in engine$weave(file, quiet = quiet, encoding = enc) :
Pandoc (>= 1.12.3) not available. Falling back to R Markdown v1.
--- finished re-building ‘starting_from_netcdf.Rmd’
SUMMARY: processing the following file failed:
‘futureheatwaves.Rmd’
Error: Vignette re-building failed.
Execution halted
Flavors: r-release-macos-x86_64, r-oldrel-macos-x86_64
Version: 1.0.3
Check: installed package size
Result: NOTE
installed size is 5.6Mb
sub-directories of 1Mb or more:
doc 1.8Mb
extdata 1.5Mb
libs 2.0Mb
Flavor: r-oldrel-windows-ix86+x86_64