Last updated on 2022-04-24 03:52:26 CEST.
| Flavor | Version | Tinstall | Tcheck | Ttotal | Status | Flags | 
|---|---|---|---|---|---|---|
| r-devel-linux-x86_64-debian-clang | 1.0.8 | 6.16 | 234.36 | 240.52 | OK | |
| r-devel-linux-x86_64-debian-gcc | 1.0.8 | 5.60 | 170.84 | 176.44 | OK | |
| r-devel-linux-x86_64-fedora-clang | 1.0.8 | 276.16 | OK | |||
| r-devel-linux-x86_64-fedora-gcc | 1.0.8 | 276.61 | OK | |||
| r-patched-linux-x86_64 | 1.0.8 | 5.74 | 221.92 | 227.66 | OK | |
| r-release-linux-x86_64 | 1.0.8 | 5.95 | 200.53 | 206.48 | OK | |
| r-release-macos-arm64 | 1.0.8 | NOTE | ||||
| r-release-macos-x86_64 | 1.0.8 | NOTE | ||||
| r-release-windows-x86_64 | 1.0.8 | 40.00 | 225.00 | 265.00 | OK | |
| r-oldrel-macos-arm64 | 1.0.8 | NOTE | ||||
| r-oldrel-macos-x86_64 | 1.0.8 | NOTE | ||||
| r-oldrel-windows-ix86+x86_64 | 1.0.8 | 53.00 | 224.00 | 277.00 | OK | 
Version: 1.0.8
Check: package dependencies
Result: NOTE
    Package suggested but not available for checking: ‘WGCNA’
Flavors: r-release-macos-arm64, r-release-macos-x86_64, r-oldrel-macos-arm64, r-oldrel-macos-x86_64