Last updated on 2022-04-24 03:52:26 CEST.
Flavor | Version | Tinstall | Tcheck | Ttotal | Status | Flags |
---|---|---|---|---|---|---|
r-devel-linux-x86_64-debian-clang | 1.7 | 4.19 | 41.64 | 45.83 | OK | |
r-devel-linux-x86_64-debian-gcc | 1.7 | 3.38 | 30.80 | 34.18 | OK | |
r-devel-linux-x86_64-fedora-clang | 1.7 | 54.44 | NOTE | |||
r-devel-linux-x86_64-fedora-gcc | 1.7 | 42.83 | OK | |||
r-patched-linux-x86_64 | 1.7 | 4.64 | 39.45 | 44.09 | OK | |
r-release-linux-x86_64 | 1.7 | 3.71 | 39.06 | 42.77 | OK | |
r-release-macos-arm64 | 1.7 | OK | ||||
r-release-macos-x86_64 | 1.7 | OK | ||||
r-release-windows-x86_64 | 1.7 | 24.00 | 64.00 | 88.00 | OK | |
r-oldrel-macos-arm64 | 1.7 | OK | ||||
r-oldrel-macos-x86_64 | 1.7 | OK | ||||
r-oldrel-windows-ix86+x86_64 | 1.7 | 8.00 | 37.00 | 45.00 | OK |
Version: 1.7
Check: Rd cross-references
Result: NOTE
Undeclared package ‘cffdrs’ in Rd xrefs
Flavor: r-devel-linux-x86_64-fedora-clang