Last updated on 2022-04-24 03:52:26 CEST.
Flavor | Version | Tinstall | Tcheck | Ttotal | Status | Flags |
---|---|---|---|---|---|---|
r-devel-linux-x86_64-debian-clang | 2.4 | 1.82 | 35.79 | 37.61 | NOTE | |
r-devel-linux-x86_64-debian-gcc | 2.4 | 1.45 | 27.06 | 28.51 | NOTE | |
r-devel-linux-x86_64-fedora-clang | 2.4 | 46.60 | OK | |||
r-devel-linux-x86_64-fedora-gcc | 2.4 | 35.12 | OK | |||
r-patched-linux-x86_64 | 2.4 | 2.16 | 33.73 | 35.89 | NOTE | |
r-release-linux-x86_64 | 2.4 | 1.56 | 33.37 | 34.93 | NOTE | |
r-release-macos-arm64 | 2.4 | OK | ||||
r-release-macos-x86_64 | 2.4 | OK | ||||
r-release-windows-x86_64 | 2.4 | 12.00 | 55.00 | 67.00 | OK | |
r-oldrel-macos-arm64 | 2.4 | OK | ||||
r-oldrel-macos-x86_64 | 2.4 | OK | ||||
r-oldrel-windows-ix86+x86_64 | 2.4 | 4.00 | 32.00 | 36.00 | OK |
Version: 2.4
Check: R code for possible problems
Result: NOTE
Found the following calls to attach():
File 'g.data/R/g.data.attach.R':
attach(NULL, pos, basename(dir))
See section 'Good practice' in '?attach'.
Flavors: r-devel-linux-x86_64-debian-clang, r-devel-linux-x86_64-debian-gcc, r-patched-linux-x86_64, r-release-linux-x86_64