Last updated on 2022-04-24 03:52:26 CEST.
Flavor | Version | Tinstall | Tcheck | Ttotal | Status | Flags |
---|---|---|---|---|---|---|
r-devel-linux-x86_64-debian-clang | 0.1 | 6.79 | 36.18 | 42.97 | NOTE | |
r-devel-linux-x86_64-debian-gcc | 0.1 | 5.87 | 27.09 | 32.96 | NOTE | |
r-devel-linux-x86_64-fedora-clang | 0.1 | 56.26 | NOTE | |||
r-devel-linux-x86_64-fedora-gcc | 0.1 | 41.83 | NOTE | |||
r-patched-linux-x86_64 | 0.1 | 6.46 | 33.51 | 39.97 | NOTE | |
r-release-linux-x86_64 | 0.1 | 5.75 | 33.45 | 39.20 | NOTE | |
r-release-macos-arm64 | 0.1 | NOTE | ||||
r-release-macos-x86_64 | 0.1 | NOTE | ||||
r-release-windows-x86_64 | 0.1 | 21.00 | 66.00 | 87.00 | NOTE | |
r-oldrel-macos-arm64 | 0.1 | NOTE | ||||
r-oldrel-macos-x86_64 | 0.1 | NOTE | ||||
r-oldrel-windows-ix86+x86_64 | 0.1 | 17.00 | 44.00 | 61.00 | NOTE |
Version: 0.1
Check: R code for possible problems
Result: NOTE
gcat.test: no visible global function definition for 'pnorm'
generate_sub: no visible global function definition for 'runif'
pfcn: no visible global function definition for 'pnorm'
Undefined global functions or variables:
pnorm runif
Consider adding
importFrom("stats", "pnorm", "runif")
to your NAMESPACE file.
Flavors: r-devel-linux-x86_64-debian-clang, r-devel-linux-x86_64-debian-gcc, r-devel-linux-x86_64-fedora-clang, r-devel-linux-x86_64-fedora-gcc, r-patched-linux-x86_64, r-release-linux-x86_64, r-release-macos-arm64, r-release-macos-x86_64, r-release-windows-x86_64, r-oldrel-macos-arm64, r-oldrel-macos-x86_64, r-oldrel-windows-ix86+x86_64
Version: 0.1
Check: compiled code
Result: NOTE
File ‘gCat/libs/gCat.so’:
Found no calls to: ‘R_registerRoutines’, ‘R_useDynamicSymbols’
It is good practice to register native routines and to disable symbol
search.
See ‘Writing portable packages’ in the ‘Writing R Extensions’ manual.
Flavors: r-devel-linux-x86_64-fedora-clang, r-devel-linux-x86_64-fedora-gcc