Last updated on 2022-04-24 03:52:27 CEST.
Flavor | Version | Tinstall | Tcheck | Ttotal | Status | Flags |
---|---|---|---|---|---|---|
r-devel-linux-x86_64-debian-clang | 0.2.0 | 8.47 | 104.35 | 112.82 | OK | |
r-devel-linux-x86_64-debian-gcc | 0.2.0 | 7.62 | 78.52 | 86.14 | OK | |
r-devel-linux-x86_64-fedora-clang | 0.2.0 | 144.17 | NOTE | |||
r-devel-linux-x86_64-fedora-gcc | 0.2.0 | 126.84 | NOTE | |||
r-patched-linux-x86_64 | 0.2.0 | 9.04 | 98.66 | 107.70 | OK | |
r-release-linux-x86_64 | 0.2.0 | 8.71 | 94.07 | 102.78 | OK | |
r-release-macos-arm64 | 0.2.0 | NOTE | ||||
r-release-macos-x86_64 | 0.2.0 | NOTE | ||||
r-release-windows-x86_64 | 0.2.0 | 15.00 | 121.00 | 136.00 | OK | |
r-oldrel-macos-arm64 | 0.2.0 | NOTE | ||||
r-oldrel-macos-x86_64 | 0.2.0 | NOTE | ||||
r-oldrel-windows-ix86+x86_64 | 0.2.0 | 21.00 | 113.00 | 134.00 | OK |
Version: 0.2.0
Check: dependencies in R code
Result: NOTE
Namespaces in Imports field not imported from:
‘MASS’ ‘MCMCpack’ ‘ggplot2’ ‘moments’
All declared Imports should be used.
Flavors: r-devel-linux-x86_64-fedora-clang, r-devel-linux-x86_64-fedora-gcc, r-release-macos-arm64, r-release-macos-x86_64, r-oldrel-macos-arm64, r-oldrel-macos-x86_64