Last updated on 2022-04-24 03:52:27 CEST.
Flavor | Version | Tinstall | Tcheck | Ttotal | Status | Flags |
---|---|---|---|---|---|---|
r-devel-linux-x86_64-debian-clang | 1.4.7 | 10.80 | 292.54 | 303.34 | NOTE | |
r-devel-linux-x86_64-debian-gcc | 1.4.7 | 7.93 | 212.63 | 220.56 | NOTE | |
r-devel-linux-x86_64-fedora-clang | 1.4.7 | 352.04 | NOTE | |||
r-devel-linux-x86_64-fedora-gcc | 1.4.7 | 331.52 | NOTE | |||
r-patched-linux-x86_64 | 1.4.7 | 15.91 | 269.85 | 285.76 | NOTE | |
r-release-linux-x86_64 | 1.4.7 | 9.75 | 324.83 | 334.58 | NOTE | |
r-release-macos-arm64 | 1.4.7 | NOTE | ||||
r-release-macos-x86_64 | 1.4.7 | NOTE | ||||
r-release-windows-x86_64 | 1.4.7 | 34.00 | 334.00 | 368.00 | NOTE | |
r-oldrel-macos-arm64 | 1.4.7 | NOTE | ||||
r-oldrel-macos-x86_64 | 1.4.7 | NOTE | ||||
r-oldrel-windows-ix86+x86_64 | 1.4.7 | 23.00 | 369.00 | 392.00 | NOTE |
Version: 1.4.7
Check: package dependencies
Result: NOTE
Package suggested but not available for checking: 'webshot2'
Flavors: r-devel-linux-x86_64-debian-clang, r-devel-linux-x86_64-debian-gcc, r-devel-linux-x86_64-fedora-clang, r-devel-linux-x86_64-fedora-gcc, r-patched-linux-x86_64, r-release-linux-x86_64, r-release-macos-arm64, r-release-macos-x86_64, r-release-windows-x86_64, r-oldrel-macos-arm64, r-oldrel-macos-x86_64, r-oldrel-windows-ix86+x86_64