Last updated on 2022-04-24 03:52:27 CEST.
Flavor | Version | Tinstall | Tcheck | Ttotal | Status | Flags |
---|---|---|---|---|---|---|
r-devel-linux-x86_64-debian-clang | 0.4 | 2.01 | 31.04 | 33.05 | NOTE | |
r-devel-linux-x86_64-debian-gcc | 0.4 | 1.05 | 23.48 | 24.53 | NOTE | |
r-devel-linux-x86_64-fedora-clang | 0.4 | 40.43 | NOTE | |||
r-devel-linux-x86_64-fedora-gcc | 0.4 | 29.26 | NOTE | |||
r-patched-linux-x86_64 | 0.4 | 2.05 | 30.11 | 32.16 | NOTE | |
r-release-linux-x86_64 | 0.4 | 1.52 | 28.50 | 30.02 | NOTE | |
r-release-macos-arm64 | 0.4 | NOTE | ||||
r-release-macos-x86_64 | 0.4 | NOTE | ||||
r-release-windows-x86_64 | 0.4 | 15.00 | 43.00 | 58.00 | NOTE | |
r-oldrel-macos-arm64 | 0.4 | NOTE | ||||
r-oldrel-macos-x86_64 | 0.4 | NOTE | ||||
r-oldrel-windows-ix86+x86_64 | 0.4 | 4.00 | 25.00 | 29.00 | NOTE |
Version: 0.4
Check: R code for possible problems
Result: NOTE
.r1: no visible global function definition for 'cor'
.r2: no visible global function definition for 'cor'
rgp: no visible global function definition for 'runif'
rgp: no visible global function definition for 'rexp'
Undefined global functions or variables:
cor rexp runif
Consider adding
importFrom("stats", "cor", "rexp", "runif")
to your NAMESPACE file.
Flavors: r-devel-linux-x86_64-debian-clang, r-devel-linux-x86_64-debian-gcc, r-devel-linux-x86_64-fedora-clang, r-devel-linux-x86_64-fedora-gcc, r-patched-linux-x86_64, r-release-linux-x86_64, r-release-macos-arm64, r-release-macos-x86_64, r-release-windows-x86_64, r-oldrel-macos-arm64, r-oldrel-macos-x86_64, r-oldrel-windows-ix86+x86_64