Last updated on 2022-04-24 03:52:27 CEST.
Flavor | Version | Tinstall | Tcheck | Ttotal | Status | Flags |
---|---|---|---|---|---|---|
r-devel-linux-x86_64-debian-clang | 1.8.7 | 287.09 | 178.83 | 465.92 | OK | |
r-devel-linux-x86_64-debian-gcc | 1.8.7 | 240.16 | 134.48 | 374.64 | OK | |
r-devel-linux-x86_64-fedora-clang | 1.8.7 | 714.33 | NOTE | |||
r-devel-linux-x86_64-fedora-gcc | 1.8.7 | 612.57 | OK | |||
r-patched-linux-x86_64 | 1.8.7 | 255.35 | 165.73 | 421.08 | OK | |
r-release-linux-x86_64 | 1.8.7 | 244.38 | 161.14 | 405.52 | OK | |
r-release-macos-arm64 | 1.8.7 | NOTE | ||||
r-release-macos-x86_64 | 1.8.7 | NOTE | ||||
r-release-windows-x86_64 | 1.8.7 | 267.00 | 252.00 | 519.00 | OK | |
r-oldrel-macos-arm64 | 1.8.7 | NOTE | ||||
r-oldrel-macos-x86_64 | 1.8.7 | NOTE | ||||
r-oldrel-windows-ix86+x86_64 | 1.8.7 | 659.00 | 290.00 | 949.00 | NOTE |
Version: 1.8.7
Check: installed package size
Result: NOTE
installed size is 11.2Mb
sub-directories of 1Mb or more:
libs 8.9Mb
Flavors: r-devel-linux-x86_64-fedora-clang, r-release-macos-arm64, r-release-macos-x86_64, r-oldrel-macos-arm64, r-oldrel-macos-x86_64, r-oldrel-windows-ix86+x86_64