Last updated on 2022-04-24 03:52:27 CEST.
Flavor | Version | Tinstall | Tcheck | Ttotal | Status | Flags |
---|---|---|---|---|---|---|
r-devel-linux-x86_64-debian-clang | 3.0.4 | 19.79 | 158.12 | 177.91 | OK | |
r-devel-linux-x86_64-debian-gcc | 3.0.4 | 13.13 | 114.09 | 127.22 | OK | |
r-devel-linux-x86_64-fedora-clang | 3.0.4 | 207.83 | NOTE | |||
r-devel-linux-x86_64-fedora-gcc | 3.0.4 | 191.06 | NOTE | |||
r-patched-linux-x86_64 | 3.0.4 | 12.42 | 142.57 | 154.99 | OK | |
r-release-linux-x86_64 | 3.0.4 | 10.35 | 133.53 | 143.88 | OK | |
r-release-macos-arm64 | 3.0.4 | NOTE | ||||
r-release-macos-x86_64 | 3.0.4 | NOTE | ||||
r-release-windows-x86_64 | 3.0.4 | 22.00 | 166.00 | 188.00 | OK | |
r-oldrel-macos-arm64 | 3.0.4 | NOTE | ||||
r-oldrel-macos-x86_64 | 3.0.4 | NOTE | ||||
r-oldrel-windows-ix86+x86_64 | 3.0.4 | 34.00 | 160.00 | 194.00 | OK |
Version: 3.0.4
Check: dependencies in R code
Result: NOTE
Namespace in Imports field not imported from: ‘dplyr’
All declared Imports should be used.
Flavors: r-devel-linux-x86_64-fedora-clang, r-devel-linux-x86_64-fedora-gcc, r-release-macos-arm64, r-release-macos-x86_64, r-oldrel-macos-arm64, r-oldrel-macos-x86_64