Last updated on 2022-04-24 03:52:26 CEST.
Flavor | Version | Tinstall | Tcheck | Ttotal | Status | Flags |
---|---|---|---|---|---|---|
r-devel-linux-x86_64-debian-clang | 2.3.7 | 224.71 | 30.97 | 255.68 | WARN | |
r-devel-linux-x86_64-debian-gcc | 2.3.7 | 170.55 | 23.67 | 194.22 | OK | |
r-devel-linux-x86_64-fedora-clang | 2.3.7 | 560.98 | WARN | |||
r-devel-linux-x86_64-fedora-gcc | 2.3.7 | 317.29 | OK | |||
r-patched-linux-x86_64 | 2.3.7 | 187.34 | 29.90 | 217.24 | OK | |
r-release-linux-x86_64 | 2.3.7 | 187.02 | 28.15 | 215.17 | OK | |
r-release-macos-arm64 | 2.3.7 | OK | ||||
r-release-macos-x86_64 | 2.3.7 | OK | ||||
r-release-windows-x86_64 | 2.3.7 | 314.00 | 50.00 | 364.00 | OK | |
r-oldrel-macos-arm64 | 2.3.7 | OK | ||||
r-oldrel-macos-x86_64 | 2.3.7 | OK | ||||
r-oldrel-windows-ix86+x86_64 | 2.3.7 | 585.00 | 35.00 | 620.00 | NOTE |
Version: 2.3.7
Check: whether package can be installed
Result: WARN
Found the following significant warnings:
proglikelihood.cc:279:6: warning: use of bitwise '|' with boolean operands [-Wbitwise-instead-of-logical]
proglikelihood.cc:368:8: warning: use of bitwise '&' with boolean operands [-Wbitwise-instead-of-logical]
proglikelihood.cc:371:8: warning: use of bitwise '&' with boolean operands [-Wbitwise-instead-of-logical]
Flavors: r-devel-linux-x86_64-debian-clang, r-devel-linux-x86_64-fedora-clang
Version: 2.3.7
Check: installed package size
Result: NOTE
installed size is 7.3Mb
sub-directories of 1Mb or more:
bin 7.2Mb
Flavors: r-devel-linux-x86_64-fedora-clang, r-oldrel-windows-ix86+x86_64