Last updated on 2022-04-24 03:52:26 CEST.
Flavor | Version | Tinstall | Tcheck | Ttotal | Status | Flags |
---|---|---|---|---|---|---|
r-devel-linux-x86_64-debian-clang | 0.0.4 | 6.02 | 107.74 | 113.76 | OK | |
r-devel-linux-x86_64-debian-gcc | 0.0.4 | 4.42 | 77.46 | 81.88 | OK | |
r-devel-linux-x86_64-fedora-clang | 0.0.4 | 135.47 | NOTE | |||
r-devel-linux-x86_64-fedora-gcc | 0.0.4 | 115.97 | NOTE | |||
r-patched-linux-x86_64 | 0.0.4 | 6.03 | 103.18 | 109.21 | OK | |
r-release-linux-x86_64 | 0.0.4 | 5.32 | 96.32 | 101.64 | OK | |
r-release-macos-arm64 | 0.0.4 | NOTE | ||||
r-release-macos-x86_64 | 0.0.4 | NOTE | ||||
r-release-windows-x86_64 | 0.0.4 | 19.00 | 121.00 | 140.00 | OK | |
r-oldrel-macos-arm64 | 0.0.4 | NOTE | ||||
r-oldrel-macos-x86_64 | 0.0.4 | NOTE | ||||
r-oldrel-windows-ix86+x86_64 | 0.0.4 | 13.00 | 112.00 | 125.00 | OK |
Version: 0.0.4
Check: dependencies in R code
Result: NOTE
Namespace in Imports field not imported from: ‘maptools’
All declared Imports should be used.
Flavors: r-devel-linux-x86_64-fedora-clang, r-devel-linux-x86_64-fedora-gcc, r-release-macos-arm64, r-release-macos-x86_64, r-oldrel-macos-arm64, r-oldrel-macos-x86_64