Last updated on 2022-04-24 03:52:26 CEST.
Flavor | Version | Tinstall | Tcheck | Ttotal | Status | Flags |
---|---|---|---|---|---|---|
r-devel-linux-x86_64-debian-clang | 0.2.5 | 7.51 | 78.34 | 85.85 | OK | |
r-devel-linux-x86_64-debian-gcc | 0.2.5 | 6.20 | 58.54 | 64.74 | OK | |
r-devel-linux-x86_64-fedora-clang | 0.2.5 | 97.16 | NOTE | |||
r-devel-linux-x86_64-fedora-gcc | 0.2.5 | 85.04 | NOTE | |||
r-patched-linux-x86_64 | 0.2.5 | 5.48 | 73.91 | 79.39 | OK | |
r-release-linux-x86_64 | 0.2.5 | 4.18 | 70.51 | 74.69 | OK | |
r-release-macos-arm64 | 0.2.5 | NOTE | ||||
r-release-macos-x86_64 | 0.2.5 | NOTE | ||||
r-release-windows-x86_64 | 0.2.5 | 13.00 | 93.00 | 106.00 | OK | |
r-oldrel-macos-arm64 | 0.2.5 | NOTE | ||||
r-oldrel-macos-x86_64 | 0.2.5 | NOTE | ||||
r-oldrel-windows-ix86+x86_64 | 0.2.5 | 19.00 | 82.00 | 101.00 | OK |
Version: 0.2.5
Check: dependencies in R code
Result: NOTE
Namespaces in Imports field not imported from:
‘gargle’ ‘getProxy’ ‘rappsflyer’ ‘rfacebookstat’ ‘rgoogleads’
‘rmytarget’ ‘rvkstat’ ‘ryandexdirect’ ‘rym’ ‘tidyr’
All declared Imports should be used.
Flavors: r-devel-linux-x86_64-fedora-clang, r-devel-linux-x86_64-fedora-gcc, r-release-macos-arm64, r-release-macos-x86_64, r-oldrel-macos-arm64, r-oldrel-macos-x86_64