Last updated on 2022-04-24 03:52:26 CEST.
Flavor | Version | Tinstall | Tcheck | Ttotal | Status | Flags |
---|---|---|---|---|---|---|
r-devel-linux-x86_64-debian-clang | 1.1.87 | 6.98 | 81.70 | 88.68 | NOTE | |
r-devel-linux-x86_64-debian-gcc | 1.1.87 | 5.87 | 59.56 | 65.43 | NOTE | |
r-devel-linux-x86_64-fedora-clang | 1.1.87 | 103.63 | NOTE | |||
r-devel-linux-x86_64-fedora-gcc | 1.1.87 | 91.41 | NOTE | |||
r-patched-linux-x86_64 | 1.1.87 | 10.42 | 74.34 | 84.76 | NOTE | |
r-release-linux-x86_64 | 1.1.87 | 6.84 | 72.29 | 79.13 | NOTE | |
r-release-macos-arm64 | 1.1.87 | NOTE | ||||
r-release-macos-x86_64 | 1.1.87 | NOTE | ||||
r-release-windows-x86_64 | 1.1.87 | 19.00 | 91.00 | 110.00 | NOTE | |
r-oldrel-macos-arm64 | 1.1.87 | NOTE | ||||
r-oldrel-macos-x86_64 | 1.1.87 | NOTE | ||||
r-oldrel-windows-ix86+x86_64 | 1.1.87 | 16.00 | 83.00 | 99.00 | NOTE |
Version: 1.1.87
Check: DESCRIPTION meta-information
Result: NOTE
Malformed Description field: should contain one or more complete sentences.
Flavors: r-devel-linux-x86_64-debian-clang, r-devel-linux-x86_64-debian-gcc, r-devel-linux-x86_64-fedora-clang, r-devel-linux-x86_64-fedora-gcc, r-patched-linux-x86_64, r-release-linux-x86_64, r-release-macos-arm64, r-release-macos-x86_64, r-release-windows-x86_64, r-oldrel-macos-arm64, r-oldrel-macos-x86_64, r-oldrel-windows-ix86+x86_64
Version: 1.1.87
Check: R code for possible problems
Result: NOTE
cvriskMSM: no visible global function definition for 'predict'
plotcvriskMSM: no visible binding for global variable 'lines'
plotcvriskMSM: no visible global function definition for 'lines'
Undefined global functions or variables:
lines predict
Consider adding
importFrom("graphics", "lines")
importFrom("stats", "predict")
to your NAMESPACE file.
Flavors: r-devel-linux-x86_64-debian-clang, r-devel-linux-x86_64-debian-gcc, r-devel-linux-x86_64-fedora-clang, r-devel-linux-x86_64-fedora-gcc, r-patched-linux-x86_64, r-release-linux-x86_64, r-release-macos-arm64, r-release-macos-x86_64, r-release-windows-x86_64, r-oldrel-macos-arm64, r-oldrel-macos-x86_64, r-oldrel-windows-ix86+x86_64