Last updated on 2022-04-24 03:52:26 CEST.
Flavor | Version | Tinstall | Tcheck | Ttotal | Status | Flags |
---|---|---|---|---|---|---|
r-devel-linux-x86_64-debian-clang | 3.5.1 | 13.20 | 129.17 | 142.37 | NOTE | |
r-devel-linux-x86_64-debian-gcc | 3.5.1 | 11.83 | 91.31 | 103.14 | NOTE | |
r-devel-linux-x86_64-fedora-clang | 3.5.1 | 167.55 | NOTE | |||
r-devel-linux-x86_64-fedora-gcc | 3.5.1 | 164.67 | NOTE | |||
r-patched-linux-x86_64 | 3.5.1 | 16.71 | 122.11 | 138.82 | NOTE | |
r-release-linux-x86_64 | 3.5.1 | 12.14 | 112.68 | 124.82 | NOTE | |
r-release-macos-arm64 | 3.5.1 | NOTE | ||||
r-release-macos-x86_64 | 3.5.1 | NOTE | ||||
r-release-windows-x86_64 | 3.5.1 | 177.00 | 131.00 | 308.00 | NOTE | |
r-oldrel-macos-arm64 | 3.5.1 | NOTE | ||||
r-oldrel-macos-x86_64 | 3.5.1 | NOTE | ||||
r-oldrel-windows-ix86+x86_64 | 3.5.1 | 27.00 | 126.00 | 153.00 | NOTE |
Version: 3.5.1
Check: LazyData
Result: NOTE
'LazyData' is specified without a 'data' directory
Flavors: r-devel-linux-x86_64-debian-clang, r-devel-linux-x86_64-debian-gcc, r-devel-linux-x86_64-fedora-clang, r-devel-linux-x86_64-fedora-gcc, r-patched-linux-x86_64, r-release-linux-x86_64, r-release-macos-arm64, r-release-macos-x86_64, r-release-windows-x86_64, r-oldrel-macos-arm64, r-oldrel-macos-x86_64, r-oldrel-windows-ix86+x86_64