Last updated on 2022-04-24 03:52:26 CEST.
Flavor | Version | Tinstall | Tcheck | Ttotal | Status | Flags |
---|---|---|---|---|---|---|
r-devel-linux-x86_64-debian-clang | 6.0-3 | 55.82 | 257.62 | 313.44 | OK | |
r-devel-linux-x86_64-debian-gcc | 6.0-3 | 38.10 | 183.19 | 221.29 | OK | |
r-devel-linux-x86_64-fedora-clang | 6.0-3 | 287.89 | NOTE | |||
r-devel-linux-x86_64-fedora-gcc | 6.0-3 | 376.76 | OK | |||
r-patched-linux-x86_64 | 6.0-3 | 59.35 | 241.77 | 301.12 | OK | |
r-release-linux-x86_64 | 6.0-3 | 52.22 | 234.34 | 286.56 | OK | |
r-release-macos-arm64 | 6.0-3 | OK | ||||
r-release-macos-x86_64 | 6.0-3 | OK | ||||
r-release-windows-x86_64 | 6.0-3 | 415.00 | 227.00 | 642.00 | OK | |
r-oldrel-macos-arm64 | 6.0-3 | OK | ||||
r-oldrel-macos-x86_64 | 6.0-3 | OK | ||||
r-oldrel-windows-ix86+x86_64 | 6.0-3 | 96.00 | 258.00 | 354.00 | OK |
Version: 6.0-3
Check: Rd cross-references
Result: NOTE
Undeclared package ‘gamlss’ in Rd xrefs
Flavor: r-devel-linux-x86_64-fedora-clang