Last updated on 2022-04-24 03:52:26 CEST.
Flavor | Version | Tinstall | Tcheck | Ttotal | Status | Flags |
---|---|---|---|---|---|---|
r-devel-linux-x86_64-debian-clang | 5.4-1 | 37.04 | 235.02 | 272.06 | WARN | |
r-devel-linux-x86_64-debian-gcc | 5.4-1 | 26.47 | 169.96 | 196.43 | WARN | |
r-devel-linux-x86_64-fedora-clang | 5.4-1 | 242.92 | WARN | |||
r-devel-linux-x86_64-fedora-gcc | 5.4-1 | 319.54 | WARN | |||
r-patched-linux-x86_64 | 5.4-1 | 33.77 | 220.76 | 254.53 | OK | |
r-release-linux-x86_64 | 5.4-1 | 30.33 | 213.94 | 244.27 | OK | |
r-release-macos-arm64 | 5.4-1 | OK | ||||
r-release-macos-x86_64 | 5.4-1 | OK | ||||
r-release-windows-x86_64 | 5.4-1 | 56.00 | 243.00 | 299.00 | OK | |
r-oldrel-macos-arm64 | 5.4-1 | OK | ||||
r-oldrel-macos-x86_64 | 5.4-1 | OK | ||||
r-oldrel-windows-ix86+x86_64 | 5.4-1 | 54.00 | 341.00 | 395.00 | OK |
Version: 5.4-1
Check: Rd files
Result: WARN
checkRd: (7) gamlss.Rd:158: invalid email address: vlasios.voudouris@abm-analytics.com>
Flavors: r-devel-linux-x86_64-debian-clang, r-devel-linux-x86_64-debian-gcc, r-devel-linux-x86_64-fedora-clang, r-devel-linux-x86_64-fedora-gcc