Last updated on 2022-04-24 03:52:26 CEST.
Flavor | Version | Tinstall | Tcheck | Ttotal | Status | Flags |
---|---|---|---|---|---|---|
r-devel-linux-x86_64-debian-clang | 1.0-1 | 8.40 | 95.20 | 103.60 | OK | |
r-devel-linux-x86_64-debian-gcc | 1.0-1 | 8.31 | 71.31 | 79.62 | OK | |
r-devel-linux-x86_64-fedora-clang | 1.0-1 | 126.66 | NOTE | |||
r-devel-linux-x86_64-fedora-gcc | 1.0-1 | 117.02 | OK | |||
r-patched-linux-x86_64 | 1.0-1 | 9.29 | 91.75 | 101.04 | OK | |
r-release-linux-x86_64 | 1.0-1 | 8.24 | 83.47 | 91.71 | OK | |
r-release-macos-arm64 | 1.0-1 | OK | ||||
r-release-macos-x86_64 | 1.0-1 | OK | ||||
r-release-windows-x86_64 | 1.0-1 | 15.00 | 109.00 | 124.00 | OK | |
r-oldrel-macos-arm64 | 1.0-1 | OK | ||||
r-oldrel-macos-x86_64 | 1.0-1 | OK | ||||
r-oldrel-windows-ix86+x86_64 | 1.0-1 | 19.00 | 98.00 | 117.00 | OK |
Version: 1.0-1
Check: Rd cross-references
Result: NOTE
Undeclared packages ‘gamlss.dist’, ‘gamlss.add’ in Rd xrefs
Flavor: r-devel-linux-x86_64-fedora-clang