Last updated on 2022-04-24 03:52:26 CEST.
Flavor | Version | Tinstall | Tcheck | Ttotal | Status | Flags |
---|---|---|---|---|---|---|
r-devel-linux-x86_64-debian-clang | 1.0.1 | 9.86 | 139.71 | 149.57 | OK | |
r-devel-linux-x86_64-debian-gcc | 1.0.1 | 7.82 | 102.03 | 109.85 | OK | |
r-devel-linux-x86_64-fedora-clang | 1.0.1 | 171.54 | NOTE | |||
r-devel-linux-x86_64-fedora-gcc | 1.0.1 | 157.03 | OK | |||
r-patched-linux-x86_64 | 1.0.1 | 12.42 | 129.18 | 141.60 | OK | |
r-release-linux-x86_64 | 1.0.1 | 9.06 | 123.62 | 132.68 | OK | |
r-release-macos-arm64 | 1.0.1 | OK | ||||
r-release-macos-x86_64 | 1.0.1 | OK | ||||
r-release-windows-x86_64 | 1.0.1 | 99.00 | 223.00 | 322.00 | OK | |
r-oldrel-macos-arm64 | 1.0.1 | OK | ||||
r-oldrel-macos-x86_64 | 1.0.1 | OK | ||||
r-oldrel-windows-ix86+x86_64 | 1.0.1 | 24.00 | 168.00 | 192.00 | OK |
Version: 1.0.1
Check: Rd cross-references
Result: NOTE
Undeclared package ‘hyperSpec’ in Rd xrefs
Flavor: r-devel-linux-x86_64-fedora-clang