Last updated on 2022-04-24 03:52:26 CEST.
Flavor | Version | Tinstall | Tcheck | Ttotal | Status | Flags |
---|---|---|---|---|---|---|
r-devel-linux-x86_64-debian-clang | 1.0-2 | 158.13 | 65.55 | 223.68 | OK | |
r-devel-linux-x86_64-debian-gcc | 1.0-2 | 126.52 | 50.41 | 176.93 | OK | |
r-devel-linux-x86_64-fedora-clang | 1.0-2 | 336.06 | NOTE | |||
r-devel-linux-x86_64-fedora-gcc | 1.0-2 | 298.83 | NOTE | |||
r-patched-linux-x86_64 | 1.0-2 | 120.54 | 64.23 | 184.77 | OK | |
r-release-linux-x86_64 | 1.0-2 | 120.39 | 63.93 | 184.32 | OK | |
r-release-macos-arm64 | 1.0-2 | NOTE | ||||
r-release-macos-x86_64 | 1.0-2 | NOTE | ||||
r-release-windows-x86_64 | 1.0-2 | 173.00 | 116.00 | 289.00 | OK | |
r-oldrel-macos-arm64 | 1.0-2 | NOTE | ||||
r-oldrel-macos-x86_64 | 1.0-2 | NOTE | ||||
r-oldrel-windows-ix86+x86_64 | 1.0-2 | 364.00 | 101.00 | 465.00 | OK |
Version: 1.0-2
Check: installed package size
Result: NOTE
installed size is 6.5Mb
sub-directories of 1Mb or more:
doc 2.3Mb
libs 4.0Mb
Flavors: r-devel-linux-x86_64-fedora-clang, r-release-macos-arm64, r-release-macos-x86_64, r-oldrel-macos-arm64, r-oldrel-macos-x86_64
Version: 1.0-2
Check: dependencies in R code
Result: NOTE
Namespace in Imports field not imported from: ‘methods’
All declared Imports should be used.
Flavors: r-devel-linux-x86_64-fedora-clang, r-devel-linux-x86_64-fedora-gcc, r-release-macos-arm64, r-release-macos-x86_64, r-oldrel-macos-arm64, r-oldrel-macos-x86_64