Last updated on 2022-04-24 03:52:26 CEST.
Flavor | Version | Tinstall | Tcheck | Ttotal | Status | Flags |
---|---|---|---|---|---|---|
r-devel-linux-x86_64-debian-clang | 1.2.3-1 | 22.87 | 131.94 | 154.81 | OK | |
r-devel-linux-x86_64-debian-gcc | 1.2.3-1 | 19.00 | 97.84 | 116.84 | OK | |
r-devel-linux-x86_64-fedora-clang | 1.2.3-1 | 202.33 | OK | |||
r-devel-linux-x86_64-fedora-gcc | 1.2.3-1 | 186.55 | OK | |||
r-patched-linux-x86_64 | 1.2.3-1 | 22.74 | 129.48 | 152.22 | OK | |
r-release-linux-x86_64 | 1.2.3-1 | 21.92 | 127.51 | 149.43 | OK | |
r-release-macos-arm64 | 1.2.3-1 | NOTE | ||||
r-release-macos-x86_64 | 1.2.3-1 | OK | ||||
r-release-windows-x86_64 | 1.2.3-1 | 92.00 | 179.00 | 271.00 | OK | |
r-oldrel-macos-arm64 | 1.2.3-1 | NOTE | ||||
r-oldrel-macos-x86_64 | 1.2.3-1 | OK | ||||
r-oldrel-windows-ix86+x86_64 | 1.2.3-1 | 51.00 | 136.00 | 187.00 | OK |
Version: 1.2.3-1
Check: package dependencies
Result: NOTE
Package suggested but not available for checking: ‘R2jags’
Flavors: r-release-macos-arm64, r-oldrel-macos-arm64