Last updated on 2022-04-24 03:52:26 CEST.
Flavor | Version | Tinstall | Tcheck | Ttotal | Status | Flags |
---|---|---|---|---|---|---|
r-devel-linux-x86_64-debian-clang | 0.9.6-1 | 32.76 | 166.69 | 199.45 | OK | |
r-devel-linux-x86_64-debian-gcc | 0.9.6-1 | 22.39 | 121.68 | 144.07 | OK | |
r-devel-linux-x86_64-fedora-clang | 0.9.6-1 | 239.20 | OK | |||
r-devel-linux-x86_64-fedora-gcc | 0.9.6-1 | 215.24 | OK | |||
r-patched-linux-x86_64 | 0.9.6-1 | 28.79 | 152.74 | 181.53 | OK | |
r-release-linux-x86_64 | 0.9.6-1 | 25.89 | 141.90 | 167.79 | OK | |
r-release-macos-arm64 | 0.9.6-1 | NOTE | ||||
r-release-macos-x86_64 | 0.9.6-1 | NOTE | ||||
r-release-windows-x86_64 | 0.9.6-1 | 34.00 | 192.00 | 226.00 | OK | |
r-oldrel-macos-arm64 | 0.9.6-1 | NOTE | ||||
r-oldrel-macos-x86_64 | 0.9.6-1 | NOTE | ||||
r-oldrel-windows-ix86+x86_64 | 0.9.6-1 | 70.00 | 258.00 | 328.00 | OK |
Version: 0.9.6-1
Check: package dependencies
Result: NOTE
Package which this enhances but not available for checking: ‘doMPI’
Flavors: r-release-macos-arm64, r-release-macos-x86_64, r-oldrel-macos-arm64, r-oldrel-macos-x86_64