Last updated on 2022-04-24 03:52:26 CEST.
Flavor | Version | Tinstall | Tcheck | Ttotal | Status | Flags |
---|---|---|---|---|---|---|
r-devel-linux-x86_64-debian-clang | 0.0.1 | 2.96 | 51.86 | 54.82 | NOTE | |
r-devel-linux-x86_64-debian-gcc | 0.0.1 | 2.78 | 39.79 | 42.57 | NOTE | |
r-devel-linux-x86_64-fedora-clang | 0.0.1 | 66.83 | NOTE | |||
r-devel-linux-x86_64-fedora-gcc | 0.0.1 | 54.11 | NOTE | |||
r-patched-linux-x86_64 | 0.0.1 | 3.42 | 49.49 | 52.91 | NOTE | |
r-release-linux-x86_64 | 0.0.1 | 3.00 | 46.69 | 49.69 | NOTE | |
r-release-macos-arm64 | 0.0.1 | NOTE | ||||
r-release-macos-x86_64 | 0.0.1 | NOTE | ||||
r-release-windows-x86_64 | 0.0.1 | 13.00 | 81.00 | 94.00 | NOTE | |
r-oldrel-macos-arm64 | 0.0.1 | NOTE | ||||
r-oldrel-macos-x86_64 | 0.0.1 | NOTE | ||||
r-oldrel-windows-ix86+x86_64 | 0.0.1 | 10.00 | 66.00 | 76.00 | NOTE |
Version: 0.0.1
Check: LazyData
Result: NOTE
'LazyData' is specified without a 'data' directory
Flavors: r-devel-linux-x86_64-debian-clang, r-devel-linux-x86_64-debian-gcc, r-devel-linux-x86_64-fedora-clang, r-devel-linux-x86_64-fedora-gcc, r-patched-linux-x86_64, r-release-linux-x86_64, r-release-macos-arm64, r-release-macos-x86_64, r-release-windows-x86_64, r-oldrel-macos-arm64, r-oldrel-macos-x86_64, r-oldrel-windows-ix86+x86_64