Last updated on 2022-04-24 03:52:26 CEST.
Flavor | Version | Tinstall | Tcheck | Ttotal | Status | Flags |
---|---|---|---|---|---|---|
r-devel-linux-x86_64-debian-clang | 0.4-4 | 35.74 | 391.22 | 426.96 | OK | |
r-devel-linux-x86_64-debian-gcc | 0.4-4 | 30.56 | 282.42 | 312.98 | OK | |
r-devel-linux-x86_64-fedora-clang | 0.4-4 | 494.72 | OK | |||
r-devel-linux-x86_64-fedora-gcc | 0.4-4 | 7.66 | ERROR | |||
r-patched-linux-x86_64 | 0.4-4 | 31.79 | 360.88 | 392.67 | OK | |
r-release-linux-x86_64 | 0.4-4 | 30.54 | 325.41 | 355.95 | OK | |
r-release-macos-arm64 | 0.4-4 | OK | ||||
r-release-macos-x86_64 | 0.4-4 | OK | ||||
r-release-windows-x86_64 | 0.4-4 | 39.00 | 368.00 | 407.00 | OK | |
r-oldrel-macos-arm64 | 0.4-4 | OK | ||||
r-oldrel-macos-x86_64 | 0.4-4 | OK | ||||
r-oldrel-windows-ix86+x86_64 | 0.4-4 | 74.00 | 356.00 | 430.00 | OK |
Version: 0.4-4
Check: whether package can be installed
Result: ERROR
Installation failed.
Flavor: r-devel-linux-x86_64-fedora-gcc