Last updated on 2022-04-24 03:52:26 CEST.
Flavor | Version | Tinstall | Tcheck | Ttotal | Status | Flags |
---|---|---|---|---|---|---|
r-devel-linux-x86_64-debian-clang | 1.1.1 | 48.78 | 137.46 | 186.24 | OK | |
r-devel-linux-x86_64-debian-gcc | 1.1.1 | 39.55 | 103.31 | 142.86 | OK | |
r-devel-linux-x86_64-fedora-clang | 1.1.1 | 235.28 | OK | |||
r-devel-linux-x86_64-fedora-gcc | 1.1.1 | 212.67 | OK | |||
r-patched-linux-x86_64 | 1.1.1 | 43.07 | 127.71 | 170.78 | OK | |
r-release-linux-x86_64 | 1.1.1 | 41.30 | 120.08 | 161.38 | OK | |
r-release-macos-arm64 | 1.1.1 | OK | ||||
r-release-macos-x86_64 | 1.1.1 | OK | ||||
r-release-windows-x86_64 | 1.1.1 | 56.00 | 217.00 | 273.00 | OK | |
r-oldrel-macos-arm64 | 1.1.1 | OK | ||||
r-oldrel-macos-x86_64 | 1.1.1 | OK | ||||
r-oldrel-windows-ix86+x86_64 | 1.1.1 | 123.00 | 176.00 | 299.00 | ERROR |
Version: 1.1.1
Check: running examples for arch ‘i386’
Result: ERROR
Running examples in 'gasper-Ex.R' failed
The error most likely occurred in:
> ### Name: HPFVN
> ### Title: High Pass Filter Von Neumann Estimator.
> ### Aliases: HPFVN
>
> ### ** Examples
>
> matrixname <- "grid1"
> groupname <- "AG-Monien"
> graph <- download_graph(matrixname,groupname)
trying URL 'https://sparse.tamu.edu/MM/AG-Monien/grid1.tar.gz'
Warning in download.file(url, temp) :
InternetOpenUrl failed: 'Die Serververbindung konnte nicht hergestellt werden.'
Error in download.file(url, temp) :
cannot open URL 'https://sparse.tamu.edu/MM/AG-Monien/grid1.tar.gz'
Calls: download_graph -> download.file
Execution halted
Flavor: r-oldrel-windows-ix86+x86_64
Version: 1.1.1
Check: running examples for arch ‘x64’
Result: ERROR
Running examples in 'gasper-Ex.R' failed
The error most likely occurred in:
> ### Name: HPFVN
> ### Title: High Pass Filter Von Neumann Estimator.
> ### Aliases: HPFVN
>
> ### ** Examples
>
> matrixname <- "grid1"
> groupname <- "AG-Monien"
> graph <- download_graph(matrixname,groupname)
trying URL 'https://sparse.tamu.edu/MM/AG-Monien/grid1.tar.gz'
Warning in download.file(url, temp) :
InternetOpenUrl failed: 'Die Serververbindung konnte nicht hergestellt werden.'
Error in download.file(url, temp) :
cannot open URL 'https://sparse.tamu.edu/MM/AG-Monien/grid1.tar.gz'
Calls: download_graph -> download.file
Execution halted
Flavor: r-oldrel-windows-ix86+x86_64
Version: 1.1.1
Check: re-building of vignette outputs
Result: WARN
Error(s) in re-building vignettes:
--- re-building 'gasper_vignette.rmd' using rmarkdown
trying URL 'https://sparse.tamu.edu/MM/AG-Monien/grid1.tar.gz'
Quitting from lines 52-56 (gasper_vignette.rmd)
Error: processing vignette 'gasper_vignette.rmd' failed with diagnostics:
cannot open URL 'https://sparse.tamu.edu/MM/AG-Monien/grid1.tar.gz'
--- failed re-building 'gasper_vignette.rmd'
SUMMARY: processing the following file failed:
'gasper_vignette.rmd'
Error: Vignette re-building failed.
Execution halted
Flavor: r-oldrel-windows-ix86+x86_64