Last updated on 2022-04-24 03:52:26 CEST.
Flavor | Version | Tinstall | Tcheck | Ttotal | Status | Flags |
---|---|---|---|---|---|---|
r-devel-linux-x86_64-debian-clang | 0.5.4 | 438.97 | 163.35 | 602.32 | NOTE | |
r-devel-linux-x86_64-debian-gcc | 0.5.4 | 425.90 | 139.14 | 565.04 | NOTE | |
r-devel-linux-x86_64-fedora-clang | 0.5.4 | 864.10 | NOTE | |||
r-devel-linux-x86_64-fedora-gcc | 0.5.4 | 934.65 | NOTE | |||
r-patched-linux-x86_64 | 0.5.4 | 371.46 | 179.25 | 550.71 | NOTE | |
r-release-linux-x86_64 | 0.5.4 | 333.30 | 168.53 | 501.83 | NOTE | |
r-release-macos-arm64 | 0.5.4 | NOTE | ||||
r-release-macos-x86_64 | 0.5.4 | NOTE | ||||
r-release-windows-x86_64 | 0.5.4 | 305.00 | 240.00 | 545.00 | NOTE | |
r-oldrel-macos-arm64 | 0.5.4 | NOTE | ||||
r-oldrel-macos-x86_64 | 0.5.4 | NOTE | ||||
r-oldrel-windows-ix86+x86_64 | 0.5.4 | 990.00 | 314.00 | 1304.00 | NOTE |
Version: 0.5.4
Check: LazyData
Result: NOTE
'LazyData' is specified without a 'data' directory
Flavors: r-devel-linux-x86_64-debian-clang, r-devel-linux-x86_64-debian-gcc, r-devel-linux-x86_64-fedora-clang, r-devel-linux-x86_64-fedora-gcc, r-patched-linux-x86_64, r-release-linux-x86_64, r-release-macos-arm64, r-release-macos-x86_64, r-release-windows-x86_64, r-oldrel-macos-arm64, r-oldrel-macos-x86_64, r-oldrel-windows-ix86+x86_64
Version: 0.5.4
Check: for GNU extensions in Makefiles
Result: NOTE
GNU make is a SystemRequirements.
Flavors: r-devel-linux-x86_64-debian-clang, r-devel-linux-x86_64-debian-gcc, r-devel-linux-x86_64-fedora-clang, r-devel-linux-x86_64-fedora-gcc, r-patched-linux-x86_64, r-release-linux-x86_64, r-release-macos-arm64, r-release-macos-x86_64, r-release-windows-x86_64, r-oldrel-macos-arm64, r-oldrel-macos-x86_64, r-oldrel-windows-ix86+x86_64
Version: 0.5.4
Check: installed package size
Result: NOTE
installed size is 57.5Mb
sub-directories of 1Mb or more:
libs 57.0Mb
Flavors: r-devel-linux-x86_64-fedora-clang, r-release-macos-arm64, r-release-macos-x86_64, r-oldrel-macos-arm64, r-oldrel-macos-x86_64, r-oldrel-windows-ix86+x86_64