Last updated on 2022-04-24 03:52:26 CEST.
Flavor | Version | Tinstall | Tcheck | Ttotal | Status | Flags |
---|---|---|---|---|---|---|
r-devel-linux-x86_64-debian-clang | 1.5.7 | 728.38 | 125.91 | 854.29 | OK | |
r-devel-linux-x86_64-debian-gcc | 1.5.7 | 609.12 | 108.03 | 717.15 | OK | |
r-devel-linux-x86_64-fedora-clang | 1.5.7 | 1328.37 | NOTE | |||
r-devel-linux-x86_64-fedora-gcc | 1.5.7 | 1152.83 | OK | |||
r-patched-linux-x86_64 | 1.5.7 | 641.91 | 138.84 | 780.75 | OK | |
r-release-linux-x86_64 | 1.5.7 | 630.97 | 138.84 | 769.81 | OK | |
r-release-macos-arm64 | 1.5.7 | NOTE | ||||
r-release-macos-x86_64 | 1.5.7 | NOTE | ||||
r-release-windows-x86_64 | 1.5.7 | 494.00 | 204.00 | 698.00 | NOTE | |
r-oldrel-macos-arm64 | 1.5.7 | NOTE | ||||
r-oldrel-macos-x86_64 | 1.5.7 | NOTE | ||||
r-oldrel-windows-ix86+x86_64 | 1.5.7 | 1543.00 | 244.00 | 1787.00 | NOTE |
Version: 1.5.7
Check: installed package size
Result: NOTE
installed size is 64.7Mb
sub-directories of 1Mb or more:
extdata 1.6Mb
libs 61.3Mb
Flavors: r-devel-linux-x86_64-fedora-clang, r-release-macos-arm64, r-release-macos-x86_64, r-release-windows-x86_64, r-oldrel-macos-arm64, r-oldrel-macos-x86_64, r-oldrel-windows-ix86+x86_64
Version: 1.5.7
Check: Rd cross-references
Result: NOTE
Undeclared package ‘RcppEigen’ in Rd xrefs
Flavor: r-devel-linux-x86_64-fedora-clang