Last updated on 2022-04-24 03:52:26 CEST.
Flavor | Version | Tinstall | Tcheck | Ttotal | Status | Flags |
---|---|---|---|---|---|---|
r-devel-linux-x86_64-debian-clang | 0.1.10 | 42.21 | 438.59 | 480.80 | OK | |
r-devel-linux-x86_64-debian-gcc | 0.1.10 | 31.04 | 315.88 | 346.92 | OK | |
r-devel-linux-x86_64-fedora-clang | 0.1.10 | 590.35 | NOTE | |||
r-devel-linux-x86_64-fedora-gcc | 0.1.10 | 563.78 | NOTE | |||
r-patched-linux-x86_64 | 0.1.10 | 37.87 | 409.52 | 447.39 | OK | |
r-release-linux-x86_64 | 0.1.10 | 31.71 | 378.95 | 410.66 | OK | |
r-release-macos-arm64 | 0.1.10 | NOTE | ||||
r-release-macos-x86_64 | 0.1.10 | NOTE | ||||
r-release-windows-x86_64 | 0.1.10 | 39.00 | 400.00 | 439.00 | OK | |
r-oldrel-macos-arm64 | 0.1.10 | NOTE | ||||
r-oldrel-macos-x86_64 | 0.1.10 | NOTE | ||||
r-oldrel-windows-ix86+x86_64 | 0.1.10 | 81.00 | 413.00 | 494.00 | OK |
Version: 0.1.10
Check: package dependencies
Result: NOTE
Packages suggested but not available for checking:
'flowWorkspaceData', 'ncdfFlow'
Flavors: r-devel-linux-x86_64-fedora-clang, r-devel-linux-x86_64-fedora-gcc, r-release-macos-arm64, r-oldrel-macos-arm64
Version: 0.1.10
Check: dependencies in R code
Result: NOTE
Namespace in Imports field not imported from: ‘tools’
All declared Imports should be used.
Flavors: r-devel-linux-x86_64-fedora-clang, r-devel-linux-x86_64-fedora-gcc, r-release-macos-arm64, r-release-macos-x86_64, r-oldrel-macos-arm64, r-oldrel-macos-x86_64
Version: 0.1.10
Check: package dependencies
Result: NOTE
Package suggested but not available for checking: ‘flowWorkspaceData’
Flavors: r-release-macos-x86_64, r-oldrel-macos-x86_64