Last updated on 2022-04-24 03:52:26 CEST.
Flavor | Version | Tinstall | Tcheck | Ttotal | Status | Flags |
---|---|---|---|---|---|---|
r-devel-linux-x86_64-debian-clang | 0.1.4 | 1.60 | 33.83 | 35.43 | NOTE | |
r-devel-linux-x86_64-debian-gcc | 0.1.4 | 1.69 | 27.09 | 28.78 | NOTE | |
r-devel-linux-x86_64-fedora-clang | 0.1.4 | 45.23 | NOTE | |||
r-devel-linux-x86_64-fedora-gcc | 0.1.4 | 33.81 | NOTE | |||
r-patched-linux-x86_64 | 0.1.4 | 2.22 | 33.21 | 35.43 | NOTE | |
r-release-linux-x86_64 | 0.1.4 | 1.59 | 31.55 | 33.14 | NOTE | |
r-release-macos-arm64 | 0.1.4 | NOTE | ||||
r-release-macos-x86_64 | 0.1.4 | NOTE | ||||
r-release-windows-x86_64 | 0.1.4 | 12.00 | 55.00 | 67.00 | NOTE | |
r-oldrel-macos-arm64 | 0.1.4 | NOTE | ||||
r-oldrel-macos-x86_64 | 0.1.4 | NOTE | ||||
r-oldrel-windows-ix86+x86_64 | 0.1.4 | 4.00 | 43.00 | 47.00 | NOTE |
Version: 0.1.4
Check: LazyData
Result: NOTE
'LazyData' is specified without a 'data' directory
Flavors: r-devel-linux-x86_64-debian-clang, r-devel-linux-x86_64-debian-gcc, r-devel-linux-x86_64-fedora-clang, r-devel-linux-x86_64-fedora-gcc, r-patched-linux-x86_64, r-release-linux-x86_64, r-release-macos-arm64, r-release-macos-x86_64, r-release-windows-x86_64, r-oldrel-macos-arm64, r-oldrel-macos-x86_64, r-oldrel-windows-ix86+x86_64