Last updated on 2022-04-24 03:52:26 CEST.
Flavor | Version | Tinstall | Tcheck | Ttotal | Status | Flags |
---|---|---|---|---|---|---|
r-devel-linux-x86_64-debian-clang | 0.0.2 | 1.61 | 27.97 | 29.58 | OK | |
r-devel-linux-x86_64-debian-gcc | 0.0.2 | 1.41 | 22.18 | 23.59 | OK | |
r-devel-linux-x86_64-fedora-clang | 0.0.2 | 37.92 | NOTE | |||
r-devel-linux-x86_64-fedora-gcc | 0.0.2 | 26.37 | OK | |||
r-patched-linux-x86_64 | 0.0.2 | 1.94 | 27.91 | 29.85 | OK | |
r-release-linux-x86_64 | 0.0.2 | 1.56 | 27.19 | 28.75 | OK | |
r-release-macos-arm64 | 0.0.2 | OK | ||||
r-release-macos-x86_64 | 0.0.2 | OK | ||||
r-release-windows-x86_64 | 0.0.2 | 14.00 | 42.00 | 56.00 | OK | |
r-oldrel-macos-arm64 | 0.0.2 | OK | ||||
r-oldrel-macos-x86_64 | 0.0.2 | OK | ||||
r-oldrel-windows-ix86+x86_64 | 0.0.2 | 5.00 | 24.00 | 29.00 | OK |
Version: 0.0.2
Check: Rd cross-references
Result: NOTE
Undeclared packages ‘fortunes’, ‘rmsfact’ in Rd xrefs
Flavor: r-devel-linux-x86_64-fedora-clang