Last updated on 2022-04-24 03:52:26 CEST.
Flavor | Version | Tinstall | Tcheck | Ttotal | Status | Flags |
---|---|---|---|---|---|---|
r-devel-linux-x86_64-debian-clang | 0.4-11 | 2.20 | 33.89 | 36.09 | NOTE | |
r-devel-linux-x86_64-debian-gcc | 0.4-11 | 1.78 | 26.19 | 27.97 | NOTE | |
r-devel-linux-x86_64-fedora-clang | 0.4-11 | 43.63 | NOTE | |||
r-devel-linux-x86_64-fedora-gcc | 0.4-11 | 31.70 | NOTE | |||
r-patched-linux-x86_64 | 0.4-11 | 1.98 | 31.81 | 33.79 | NOTE | |
r-release-linux-x86_64 | 0.4-11 | 1.86 | 31.57 | 33.43 | NOTE | |
r-release-macos-arm64 | 0.4-11 | NOTE | ||||
r-release-macos-x86_64 | 0.4-11 | NOTE | ||||
r-release-windows-x86_64 | 0.4-11 | 10.00 | 55.00 | 65.00 | NOTE | |
r-oldrel-macos-arm64 | 0.4-11 | NOTE | ||||
r-oldrel-macos-x86_64 | 0.4-11 | NOTE | ||||
r-oldrel-windows-ix86+x86_64 | 0.4-11 | 5.00 | 29.00 | 34.00 | NOTE |
Version: 0.4-11
Check: dependencies in R code
Result: NOTE
Package in Depends field not imported from: 'tools'
These packages need to be imported from (in the NAMESPACE file)
for when this namespace is loaded but not attached.
Unexported objects imported by ':::' calls:
'tools:::.Rd_get_argument_names' 'tools:::RdTags' 'tools:::fetchRdDB'
See the note in ?`:::` about the use of this operator.
Flavors: r-devel-linux-x86_64-debian-clang, r-devel-linux-x86_64-debian-gcc, r-devel-linux-x86_64-fedora-clang, r-devel-linux-x86_64-fedora-gcc, r-patched-linux-x86_64, r-release-linux-x86_64, r-release-macos-arm64, r-release-macos-x86_64, r-release-windows-x86_64, r-oldrel-macos-arm64, r-oldrel-macos-x86_64, r-oldrel-windows-ix86+x86_64