Last updated on 2022-04-24 03:52:26 CEST.
Flavor | Version | Tinstall | Tcheck | Ttotal | Status | Flags |
---|---|---|---|---|---|---|
r-devel-linux-x86_64-debian-clang | 0.1.0 | 30.51 | 42.64 | 73.15 | OK | |
r-devel-linux-x86_64-debian-gcc | 0.1.0 | 29.60 | 32.59 | 62.19 | OK | |
r-devel-linux-x86_64-fedora-clang | 0.1.0 | 101.78 | NOTE | |||
r-devel-linux-x86_64-fedora-gcc | 0.1.0 | 89.26 | OK | |||
r-patched-linux-x86_64 | 0.1.0 | 34.93 | 41.16 | 76.09 | OK | |
r-release-linux-x86_64 | 0.1.0 | 35.68 | 39.10 | 74.78 | OK | |
r-release-macos-arm64 | 0.1.0 | NOTE | ||||
r-release-macos-x86_64 | 0.1.0 | NOTE | ||||
r-release-windows-x86_64 | 0.1.0 | 31.00 | 82.00 | 113.00 | OK | |
r-oldrel-macos-arm64 | 0.1.0 | NOTE | ||||
r-oldrel-macos-x86_64 | 0.1.0 | NOTE | ||||
r-oldrel-windows-ix86+x86_64 | 0.1.0 | 79.00 | 81.00 | 160.00 | OK |
Version: 0.1.0
Check: installed package size
Result: NOTE
installed size is 5.4Mb
sub-directories of 1Mb or more:
libs 5.2Mb
Flavors: r-devel-linux-x86_64-fedora-clang, r-release-macos-arm64, r-release-macos-x86_64, r-oldrel-macos-arm64, r-oldrel-macos-x86_64