Last updated on 2022-04-24 03:52:26 CEST.
Flavor | Version | Tinstall | Tcheck | Ttotal | Status | Flags |
---|---|---|---|---|---|---|
r-devel-linux-x86_64-debian-clang | 2.1 | 7.36 | 77.17 | 84.53 | NOTE | |
r-devel-linux-x86_64-debian-gcc | 2.1 | 5.76 | 59.39 | 65.15 | NOTE | |
r-devel-linux-x86_64-fedora-clang | 2.1 | 102.68 | NOTE | |||
r-devel-linux-x86_64-fedora-gcc | 2.1 | 88.99 | NOTE | |||
r-patched-linux-x86_64 | 2.1 | 8.23 | 75.76 | 83.99 | NOTE | |
r-release-linux-x86_64 | 2.1 | 7.64 | 72.08 | 79.72 | NOTE | |
r-release-macos-arm64 | 2.1 | OK | ||||
r-release-macos-x86_64 | 2.1 | OK | ||||
r-release-windows-x86_64 | 2.1 | 10.00 | 90.00 | 100.00 | OK | |
r-oldrel-macos-arm64 | 2.1 | OK | ||||
r-oldrel-macos-x86_64 | 2.1 | OK | ||||
r-oldrel-windows-ix86+x86_64 | 2.1 | 16.00 | 82.00 | 98.00 | OK |
Version: 2.1
Check: for non-standard things in the check directory
Result: NOTE
Found the following files/directories:
'checkdata.csv' 'gbmforest.sas'
Flavors: r-devel-linux-x86_64-debian-clang, r-devel-linux-x86_64-debian-gcc, r-devel-linux-x86_64-fedora-clang, r-devel-linux-x86_64-fedora-gcc, r-patched-linux-x86_64, r-release-linux-x86_64