Last updated on 2022-04-24 03:52:26 CEST.
Flavor | Version | Tinstall | Tcheck | Ttotal | Status | Flags |
---|---|---|---|---|---|---|
r-devel-linux-x86_64-debian-clang | 1.1.7 | 46.17 | 57.50 | 103.67 | OK | |
r-devel-linux-x86_64-debian-gcc | 1.1.7 | 43.80 | 49.18 | 92.98 | NOTE | |
r-devel-linux-x86_64-fedora-clang | 1.1.7 | 151.20 | OK | |||
r-devel-linux-x86_64-fedora-gcc | 1.1.7 | 155.57 | NOTE | |||
r-patched-linux-x86_64 | 1.1.7 | 41.41 | 55.64 | 97.05 | OK | |
r-release-linux-x86_64 | 1.1.7 | 42.03 | 54.99 | 97.02 | OK | |
r-release-macos-arm64 | 1.1.7 | OK | ||||
r-release-macos-x86_64 | 1.1.7 | OK | ||||
r-release-windows-x86_64 | 1.1.7 | 61.00 | 95.00 | 156.00 | OK | |
r-oldrel-macos-arm64 | 1.1.7 | OK | ||||
r-oldrel-macos-x86_64 | 1.1.7 | OK | ||||
r-oldrel-windows-ix86+x86_64 | 1.1.7 | 124.00 | 89.00 | 213.00 | OK |
Version: 1.1.7
Check: package dependencies
Result: NOTE
Package suggested but not available for checking: ‘gcmr’
Flavors: r-devel-linux-x86_64-debian-gcc, r-devel-linux-x86_64-fedora-gcc
Version: 1.1.7
Check: Rd cross-references
Result: NOTE
Unknown package ‘gcmr’ in Rd xrefs
Flavors: r-devel-linux-x86_64-debian-gcc, r-devel-linux-x86_64-fedora-gcc