Last updated on 2022-04-24 03:52:26 CEST.
| Flavor | Version | Tinstall | Tcheck | Ttotal | Status | Flags | 
|---|---|---|---|---|---|---|
| r-devel-linux-x86_64-debian-clang | 0.10.1 | 4.40 | 51.12 | 55.52 | NOTE | |
| r-devel-linux-x86_64-debian-gcc | 0.10.1 | 3.43 | 39.48 | 42.91 | NOTE | |
| r-devel-linux-x86_64-fedora-clang | 0.10.1 | 68.09 | NOTE | |||
| r-devel-linux-x86_64-fedora-gcc | 0.10.1 | 55.75 | NOTE | |||
| r-patched-linux-x86_64 | 0.10.1 | 8.55 | 49.29 | 57.84 | NOTE | |
| r-release-linux-x86_64 | 0.10.1 | 4.11 | 46.75 | 50.86 | NOTE | |
| r-release-macos-arm64 | 0.10.1 | NOTE | ||||
| r-release-macos-x86_64 | 0.10.1 | NOTE | ||||
| r-release-windows-x86_64 | 0.10.1 | 17.00 | 69.00 | 86.00 | NOTE | |
| r-oldrel-macos-arm64 | 0.10.1 | NOTE | ||||
| r-oldrel-macos-x86_64 | 0.10.1 | NOTE | ||||
| r-oldrel-windows-ix86+x86_64 | 0.10.1 | 10.00 | 62.00 | 72.00 | NOTE | 
Version: 0.10.1
Check: LazyData
Result: NOTE
      'LazyData' is specified without a 'data' directory
Flavors: r-devel-linux-x86_64-debian-clang, r-devel-linux-x86_64-debian-gcc, r-devel-linux-x86_64-fedora-clang, r-devel-linux-x86_64-fedora-gcc, r-patched-linux-x86_64, r-release-linux-x86_64, r-release-macos-arm64, r-release-macos-x86_64, r-release-windows-x86_64, r-oldrel-macos-arm64, r-oldrel-macos-x86_64, r-oldrel-windows-ix86+x86_64