Last updated on 2022-04-24 03:52:26 CEST.
Flavor | Version | Tinstall | Tcheck | Ttotal | Status | Flags |
---|---|---|---|---|---|---|
r-devel-linux-x86_64-debian-clang | 0.6.1 | 426.39 | 156.32 | 582.71 | OK | |
r-devel-linux-x86_64-debian-gcc | 0.6.1 | 408.41 | 118.99 | 527.40 | OK | |
r-devel-linux-x86_64-fedora-clang | 0.6.1 | 776.98 | NOTE | |||
r-devel-linux-x86_64-fedora-gcc | 0.6.1 | 862.92 | OK | |||
r-patched-linux-x86_64 | 0.6.1 | 424.15 | 156.15 | 580.30 | OK | |
r-release-linux-x86_64 | 0.6.1 | 423.29 | 154.43 | 577.72 | OK | |
r-release-macos-arm64 | 0.6.1 | NOTE | ||||
r-release-macos-x86_64 | 0.6.1 | NOTE | ||||
r-release-windows-x86_64 | 0.6.1 | 2477.00 | 550.00 | 3027.00 | NOTE | |
r-oldrel-macos-arm64 | 0.6.1 | NOTE | ||||
r-oldrel-macos-x86_64 | 0.6.1 | NOTE | ||||
r-oldrel-windows-ix86+x86_64 | 0.6.1 | 976.00 | 746.00 | 1722.00 | NOTE |
Version: 0.6.1
Check: installed package size
Result: NOTE
installed size is 29.7Mb
sub-directories of 1Mb or more:
L8NY18 2.3Mb
libs 26.3Mb
Flavors: r-devel-linux-x86_64-fedora-clang, r-release-macos-arm64, r-release-macos-x86_64, r-release-windows-x86_64, r-oldrel-macos-arm64, r-oldrel-macos-x86_64, r-oldrel-windows-ix86+x86_64