Last updated on 2022-04-24 03:52:26 CEST.
Flavor | Version | Tinstall | Tcheck | Ttotal | Status | Flags |
---|---|---|---|---|---|---|
r-devel-linux-x86_64-debian-clang | 1.1.2 | 37.29 | 65.96 | 103.25 | WARN | |
r-devel-linux-x86_64-debian-gcc | 1.1.2 | 31.03 | 51.40 | 82.43 | OK | |
r-devel-linux-x86_64-fedora-clang | 1.1.2 | 144.40 | WARN | |||
r-devel-linux-x86_64-fedora-gcc | 1.1.2 | 125.41 | OK | |||
r-patched-linux-x86_64 | 1.1.2 | 36.59 | 65.45 | 102.04 | OK | |
r-release-linux-x86_64 | 1.1.2 | 31.61 | 63.71 | 95.32 | OK | |
r-release-macos-arm64 | 1.1.2 | OK | ||||
r-release-macos-x86_64 | 1.1.2 | OK | ||||
r-release-windows-x86_64 | 1.1.2 | 42.00 | 148.00 | 190.00 | OK | |
r-oldrel-macos-arm64 | 1.1.2 | OK | ||||
r-oldrel-macos-x86_64 | 1.1.2 | OK | ||||
r-oldrel-windows-ix86+x86_64 | 1.1.2 | 92.00 | 144.00 | 236.00 | OK |
Version: 1.1.2
Check: whether package can be installed
Result: WARN
Found the following significant warnings:
gdpc_auxfunc.cpp:79:11: warning: use of bitwise '&' with boolean operands [-Wbitwise-instead-of-logical]
Flavors: r-devel-linux-x86_64-debian-clang, r-devel-linux-x86_64-fedora-clang