Last updated on 2022-04-24 03:52:26 CEST.
Flavor | Version | Tinstall | Tcheck | Ttotal | Status | Flags |
---|---|---|---|---|---|---|
r-devel-linux-x86_64-debian-clang | 0.2.4 | 47.42 | 40.64 | 88.06 | OK | |
r-devel-linux-x86_64-debian-gcc | 0.2.4 | 36.75 | 31.05 | 67.80 | OK | |
r-devel-linux-x86_64-fedora-clang | 0.2.4 | 134.00 | OK | |||
r-devel-linux-x86_64-fedora-gcc | 0.2.4 | 104.84 | OK | |||
r-patched-linux-x86_64 | 0.2.4 | 40.06 | 38.59 | 78.65 | OK | |
r-release-linux-x86_64 | 0.2.4 | 41.55 | 37.56 | 79.11 | OK | |
r-release-macos-arm64 | 0.2.4 | NOTE | ||||
r-release-macos-x86_64 | 0.2.4 | OK | ||||
r-release-windows-x86_64 | 0.2.4 | 68.00 | 88.00 | 156.00 | OK | |
r-oldrel-macos-arm64 | 0.2.4 | NOTE | ||||
r-oldrel-macos-x86_64 | 0.2.4 | OK | ||||
r-oldrel-windows-ix86+x86_64 | 0.2.4 | 121.00 | 86.00 | 207.00 | NOTE |
Version: 0.2.4
Check: installed package size
Result: NOTE
installed size is 5.2Mb
sub-directories of 1Mb or more:
libs 5.1Mb
Flavors: r-release-macos-arm64, r-oldrel-macos-arm64, r-oldrel-windows-ix86+x86_64