Last updated on 2022-04-24 03:52:26 CEST.
Flavor | Version | Tinstall | Tcheck | Ttotal | Status | Flags |
---|---|---|---|---|---|---|
r-devel-linux-x86_64-debian-clang | 0.1.1 | 15.86 | 145.91 | 161.77 | OK | |
r-devel-linux-x86_64-debian-gcc | 0.1.1 | 13.35 | 106.98 | 120.33 | OK | |
r-devel-linux-x86_64-fedora-clang | 0.1.1 | 189.03 | OK | |||
r-devel-linux-x86_64-fedora-gcc | 0.1.1 | 175.00 | OK | |||
r-patched-linux-x86_64 | 0.1.1 | 23.09 | 136.56 | 159.65 | OK | |
r-release-linux-x86_64 | 0.1.1 | 13.73 | 127.63 | 141.36 | OK | |
r-release-macos-arm64 | 0.1.1 | OK | ||||
r-release-macos-x86_64 | 0.1.1 | WARN | --as-cran | |||
r-release-windows-x86_64 | 0.1.1 | 21.00 | 148.00 | 169.00 | OK | |
r-oldrel-macos-arm64 | 0.1.1 | OK | ||||
r-oldrel-macos-x86_64 | 0.1.1 | WARN | --as-cran | |||
r-oldrel-windows-ix86+x86_64 | 0.1.1 | 35.00 | 143.00 | 178.00 | OK |
Version: 0.1.1
Flags: --as-cran
Check: CRAN incoming feasibility
Result: WARN
Maintainer: ‘Søren Højsgaard <sorenh@math.aau.dk>’
Insufficient package version (submitted: 0.1.1, existing: 0.1.1)
Days since last update: 1
Flavors: r-release-macos-x86_64, r-oldrel-macos-x86_64
Version: 0.1.1
Flags: --as-cran
Check: top-level files
Result: NOTE
Files ‘README.md’ or ‘NEWS.md’ cannot be checked without ‘pandoc’ being installed.
Flavors: r-release-macos-x86_64, r-oldrel-macos-x86_64