Last updated on 2022-04-24 03:52:26 CEST.
Flavor | Version | Tinstall | Tcheck | Ttotal | Status | Flags |
---|---|---|---|---|---|---|
r-devel-linux-x86_64-debian-clang | 1.3.3 | 48.26 | 85.25 | 133.51 | NOTE | |
r-devel-linux-x86_64-debian-gcc | 1.3.3 | 29.28 | 63.54 | 92.82 | NOTE | |
r-devel-linux-x86_64-fedora-clang | 1.3.3 | 161.71 | NOTE | |||
r-devel-linux-x86_64-fedora-gcc | 1.3.3 | 141.81 | NOTE | |||
r-patched-linux-x86_64 | 1.3.3 | 28.45 | 81.09 | 109.54 | OK | |
r-release-linux-x86_64 | 1.3.3 | 26.30 | 77.18 | 103.48 | OK | |
r-release-macos-arm64 | 1.3.3 | OK | ||||
r-release-macos-x86_64 | 1.3.3 | WARN | --as-cran | |||
r-release-windows-x86_64 | 1.3.3 | 51.00 | 136.00 | 187.00 | OK | |
r-oldrel-macos-arm64 | 1.3.3 | OK | ||||
r-oldrel-macos-x86_64 | 1.3.3 | WARN | --as-cran | |||
r-oldrel-windows-ix86+x86_64 | 1.3.3 | 68.00 | 135.00 | 203.00 | OK |
Version: 1.3.3
Check: Rd files
Result: NOTE
checkRd: (7) file 'genZcor.Rd': \item in \value must have non-empty label
Flavors: r-devel-linux-x86_64-debian-clang, r-devel-linux-x86_64-debian-gcc, r-devel-linux-x86_64-fedora-clang, r-devel-linux-x86_64-fedora-gcc
Version: 1.3.3
Flags: --as-cran
Check: CRAN incoming feasibility
Result: WARN
Maintainer: ‘Søren Højsgaard <sorenh@math.aau.dk>’
Insufficient package version (submitted: 1.3.3, existing: 1.3.3)
Days since last update: 0
Flavors: r-release-macos-x86_64, r-oldrel-macos-x86_64
Version: 1.3.3
Flags: --as-cran
Check: top-level files
Result: NOTE
Files ‘README.md’ or ‘NEWS.md’ cannot be checked without ‘pandoc’ being installed.
Flavors: r-release-macos-x86_64, r-oldrel-macos-x86_64
Version: 1.3.3
Flags: --as-cran
Check: sizes of PDF files under ‘inst/doc’
Result: NOTE
Unable to find GhostScript executable to run checks on size reduction
Flavors: r-release-macos-x86_64, r-oldrel-macos-x86_64