Last updated on 2022-04-24 03:52:26 CEST.
Flavor | Version | Tinstall | Tcheck | Ttotal | Status | Flags |
---|---|---|---|---|---|---|
r-devel-linux-x86_64-debian-clang | 1.0.12 | 4.63 | 336.11 | 340.74 | OK | |
r-devel-linux-x86_64-debian-gcc | 1.0.12 | 4.38 | 227.79 | 232.17 | OK | |
r-devel-linux-x86_64-fedora-clang | 1.0.12 | 370.01 | NOTE | |||
r-devel-linux-x86_64-fedora-gcc | 1.0.12 | 357.22 | NOTE | |||
r-patched-linux-x86_64 | 1.0.12 | 5.76 | 304.44 | 310.20 | OK | |
r-release-linux-x86_64 | 1.0.12 | 3.37 | 307.74 | 311.11 | OK | |
r-release-macos-arm64 | 1.0.12 | NOTE | ||||
r-release-macos-x86_64 | 1.0.12 | NOTE | ||||
r-release-windows-x86_64 | 1.0.12 | 45.00 | 348.00 | 393.00 | OK | |
r-oldrel-macos-arm64 | 1.0.12 | NOTE | ||||
r-oldrel-macos-x86_64 | 1.0.12 | NOTE | ||||
r-oldrel-windows-ix86+x86_64 | 1.0.12 | 13.00 | 371.00 | 384.00 | OK |
Version: 1.0.12
Check: dependencies in R code
Result: NOTE
Namespace in Imports field not imported from: ‘rootSolve’
All declared Imports should be used.
Flavors: r-devel-linux-x86_64-fedora-clang, r-devel-linux-x86_64-fedora-gcc, r-release-macos-arm64, r-release-macos-x86_64, r-oldrel-macos-arm64, r-oldrel-macos-x86_64