Last updated on 2022-04-24 03:52:26 CEST.
Flavor | Version | Tinstall | Tcheck | Ttotal | Status | Flags |
---|---|---|---|---|---|---|
r-devel-linux-x86_64-debian-clang | 2.0.7 | 44.71 | 194.71 | 239.42 | OK | |
r-devel-linux-x86_64-debian-gcc | 2.0.7 | 36.08 | 143.17 | 179.25 | OK | |
r-devel-linux-x86_64-fedora-clang | 2.0.7 | 318.13 | NOTE | |||
r-devel-linux-x86_64-fedora-gcc | 2.0.7 | 277.27 | OK | |||
r-patched-linux-x86_64 | 2.0.7 | 41.54 | 185.46 | 227.00 | OK | |
r-release-linux-x86_64 | 2.0.7 | 38.99 | 166.39 | 205.38 | OK | |
r-release-macos-arm64 | 2.0.7 | OK | ||||
r-release-macos-x86_64 | 2.0.7 | OK | ||||
r-release-windows-x86_64 | 2.0.7 | 91.00 | 222.00 | 313.00 | OK | |
r-oldrel-macos-arm64 | 2.0.7 | OK | ||||
r-oldrel-macos-x86_64 | 2.0.7 | OK | ||||
r-oldrel-windows-ix86+x86_64 | 2.0.7 | 97.00 | 233.00 | 330.00 | OK |
Version: 2.0.7
Check: Rd cross-references
Result: NOTE
Undeclared package ‘TreeSim’ in Rd xrefs
Flavor: r-devel-linux-x86_64-fedora-clang