Last updated on 2022-04-24 03:52:26 CEST.
Flavor | Version | Tinstall | Tcheck | Ttotal | Status | Flags |
---|---|---|---|---|---|---|
r-devel-linux-x86_64-debian-clang | 0.1.3 | 3.11 | 488.67 | 491.78 | NOTE | |
r-devel-linux-x86_64-debian-gcc | 0.1.3 | 2.39 | 319.96 | 322.35 | NOTE | |
r-devel-linux-x86_64-fedora-clang | 0.1.3 | 538.33 | NOTE | |||
r-devel-linux-x86_64-fedora-gcc | 0.1.3 | 540.70 | NOTE | |||
r-patched-linux-x86_64 | 0.1.3 | 3.12 | 456.86 | 459.98 | NOTE | |
r-release-linux-x86_64 | 0.1.3 | 3.03 | 444.94 | 447.97 | NOTE | |
r-release-macos-arm64 | 0.1.3 | NOTE | ||||
r-release-macos-x86_64 | 0.1.3 | NOTE | ||||
r-release-windows-x86_64 | 0.1.3 | 20.00 | 459.00 | 479.00 | NOTE | |
r-oldrel-macos-arm64 | 0.1.3 | NOTE | ||||
r-oldrel-macos-x86_64 | 0.1.3 | NOTE | ||||
r-oldrel-windows-ix86+x86_64 | 0.1.3 | 7.00 | 527.00 | 534.00 | NOTE |
Version: 0.1.3
Check: LazyData
Result: NOTE
'LazyData' is specified without a 'data' directory
Flavors: r-devel-linux-x86_64-debian-clang, r-devel-linux-x86_64-debian-gcc, r-devel-linux-x86_64-fedora-clang, r-devel-linux-x86_64-fedora-gcc, r-patched-linux-x86_64, r-release-linux-x86_64, r-release-macos-arm64, r-release-macos-x86_64, r-release-windows-x86_64, r-oldrel-macos-arm64, r-oldrel-macos-x86_64, r-oldrel-windows-ix86+x86_64
Version: 0.1.3
Check: dependencies in R code
Result: NOTE
Namespace in Imports field not imported from: ‘methods’
All declared Imports should be used.
Flavors: r-devel-linux-x86_64-fedora-clang, r-devel-linux-x86_64-fedora-gcc, r-release-macos-arm64, r-release-macos-x86_64, r-oldrel-macos-arm64, r-oldrel-macos-x86_64