Last updated on 2022-04-24 03:52:26 CEST.
Flavor | Version | Tinstall | Tcheck | Ttotal | Status | Flags |
---|---|---|---|---|---|---|
r-devel-linux-x86_64-debian-clang | 1.0 | 1.86 | 36.32 | 38.18 | NOTE | |
r-devel-linux-x86_64-debian-gcc | 1.0 | 1.59 | 27.46 | 29.05 | NOTE | |
r-devel-linux-x86_64-fedora-clang | 1.0 | 46.37 | NOTE | |||
r-devel-linux-x86_64-fedora-gcc | 1.0 | 34.32 | NOTE | |||
r-patched-linux-x86_64 | 1.0 | 2.04 | 34.11 | 36.15 | NOTE | |
r-release-linux-x86_64 | 1.0 | 1.48 | 33.83 | 35.31 | NOTE | |
r-release-macos-arm64 | 1.0 | NOTE | ||||
r-release-macos-x86_64 | 1.0 | NOTE | ||||
r-release-windows-x86_64 | 1.0 | 11.00 | 50.00 | 61.00 | NOTE | |
r-oldrel-macos-arm64 | 1.0 | NOTE | ||||
r-oldrel-macos-x86_64 | 1.0 | NOTE | ||||
r-oldrel-windows-ix86+x86_64 | 1.0 | 5.00 | 43.00 | 48.00 | NOTE |
Version: 1.0
Check: LazyData
Result: NOTE
'LazyData' is specified without a 'data' directory
Flavors: r-devel-linux-x86_64-debian-clang, r-devel-linux-x86_64-debian-gcc, r-devel-linux-x86_64-fedora-clang, r-devel-linux-x86_64-fedora-gcc, r-patched-linux-x86_64, r-release-linux-x86_64, r-release-macos-arm64, r-release-macos-x86_64, r-release-windows-x86_64, r-oldrel-macos-arm64, r-oldrel-macos-x86_64, r-oldrel-windows-ix86+x86_64