Last updated on 2022-04-24 03:52:26 CEST.
Flavor | Version | Tinstall | Tcheck | Ttotal | Status | Flags |
---|---|---|---|---|---|---|
r-devel-linux-x86_64-debian-clang | 1.4 | 66.48 | 357.62 | 424.10 | OK | |
r-devel-linux-x86_64-debian-gcc | 1.4 | 51.99 | 264.15 | 316.14 | OK | |
r-devel-linux-x86_64-fedora-clang | 1.4 | 523.22 | NOTE | |||
r-devel-linux-x86_64-fedora-gcc | 1.4 | 514.87 | NOTE | |||
r-patched-linux-x86_64 | 1.4 | 63.53 | 346.63 | 410.16 | OK | |
r-release-linux-x86_64 | 1.4 | 45.09 | 340.86 | 385.95 | OK | |
r-release-macos-arm64 | 1.4 | NOTE | ||||
r-release-macos-x86_64 | 1.4 | NOTE | ||||
r-release-windows-x86_64 | 1.4 | 432.00 | 384.00 | 816.00 | NOTE | |
r-oldrel-macos-arm64 | 1.4 | NOTE | ||||
r-oldrel-macos-x86_64 | 1.4 | NOTE | ||||
r-oldrel-windows-ix86+x86_64 | 1.4 | 138.00 | 507.00 | 645.00 | NOTE |
Version: 1.4
Check: installed package size
Result: NOTE
installed size is 6.4Mb
sub-directories of 1Mb or more:
doc 1.3Mb
extdata 3.5Mb
libs 1.1Mb
Flavors: r-devel-linux-x86_64-fedora-clang, r-release-macos-arm64, r-release-macos-x86_64, r-release-windows-x86_64, r-oldrel-macos-arm64, r-oldrel-macos-x86_64, r-oldrel-windows-ix86+x86_64
Version: 1.4
Check: dependencies in R code
Result: NOTE
Namespace in Imports field not imported from: ‘sp’
All declared Imports should be used.
Flavors: r-devel-linux-x86_64-fedora-clang, r-devel-linux-x86_64-fedora-gcc, r-release-macos-arm64, r-release-macos-x86_64, r-oldrel-macos-arm64, r-oldrel-macos-x86_64