Last updated on 2022-04-24 03:52:26 CEST.
Flavor | Version | Tinstall | Tcheck | Ttotal | Status | Flags |
---|---|---|---|---|---|---|
r-devel-linux-x86_64-debian-clang | 1.2.4 | 10.26 | 319.48 | 329.74 | OK | |
r-devel-linux-x86_64-debian-gcc | 1.2.4 | 7.99 | 262.00 | 269.99 | OK | |
r-devel-linux-x86_64-fedora-clang | 1.2.4 | 409.77 | NOTE | |||
r-devel-linux-x86_64-fedora-gcc | 1.2.4 | 412.16 | OK | |||
r-patched-linux-x86_64 | 1.2.4 | 9.39 | 321.95 | 331.34 | OK | |
r-release-linux-x86_64 | 1.2.4 | 8.92 | 306.23 | 315.15 | OK | |
r-release-macos-arm64 | 1.2.4 | OK | ||||
r-release-macos-x86_64 | 1.2.4 | OK | ||||
r-release-windows-x86_64 | 1.2.4 | 66.00 | 468.00 | 534.00 | OK | |
r-oldrel-macos-arm64 | 1.2.4 | OK | ||||
r-oldrel-macos-x86_64 | 1.2.4 | OK | ||||
r-oldrel-windows-ix86+x86_64 | 1.2.4 | 26.00 | 384.00 | 410.00 | OK |
Version: 1.2.4
Check: package dependencies
Result: NOTE
Imports includes 22 non-default packages.
Importing from so many packages makes the package vulnerable to any of
them becoming unavailable. Move as many as possible to Suggests and
use conditionally.
Flavor: r-devel-linux-x86_64-fedora-clang