Last updated on 2022-04-24 03:52:26 CEST.
Flavor | Version | Tinstall | Tcheck | Ttotal | Status | Flags |
---|---|---|---|---|---|---|
r-devel-linux-x86_64-debian-clang | 0.3 | 9.87 | 100.72 | 110.59 | OK | |
r-devel-linux-x86_64-debian-gcc | 0.3 | 6.99 | 77.38 | 84.37 | OK | |
r-devel-linux-x86_64-fedora-clang | 0.3 | 134.67 | OK | |||
r-devel-linux-x86_64-fedora-gcc | 0.3 | 118.26 | OK | |||
r-patched-linux-x86_64 | 0.3 | 5.78 | 11.62 | 17.40 | ERROR | |
r-release-linux-x86_64 | 0.3 | 8.92 | 92.43 | 101.35 | OK | |
r-release-macos-arm64 | 0.3 | OK | ||||
r-release-macos-x86_64 | 0.3 | OK | ||||
r-release-windows-x86_64 | 0.3 | 28.00 | 121.00 | 149.00 | OK | |
r-oldrel-macos-arm64 | 0.3 | OK | ||||
r-oldrel-macos-x86_64 | 0.3 | OK | ||||
r-oldrel-windows-ix86+x86_64 | 0.3 | 22.00 | 110.00 | 132.00 | OK |
Version: 0.3
Check: whether package can be installed
Result: ERROR
Installation failed.
Flavor: r-patched-linux-x86_64