Last updated on 2022-04-24 03:52:26 CEST.
Flavor | Version | Tinstall | Tcheck | Ttotal | Status | Flags |
---|---|---|---|---|---|---|
r-devel-linux-x86_64-debian-clang | 1.1 | 1.93 | 29.56 | 31.49 | NOTE | |
r-devel-linux-x86_64-debian-gcc | 1.1 | 1.41 | 23.33 | 24.74 | NOTE | |
r-devel-linux-x86_64-fedora-clang | 1.1 | 38.85 | NOTE | |||
r-devel-linux-x86_64-fedora-gcc | 1.1 | 27.61 | NOTE | |||
r-patched-linux-x86_64 | 1.1 | 1.65 | 29.08 | 30.73 | NOTE | |
r-release-linux-x86_64 | 1.1 | 1.96 | 28.07 | 30.03 | NOTE | |
r-release-macos-arm64 | 1.1 | NOTE | ||||
r-release-macos-x86_64 | 1.1 | NOTE | ||||
r-release-windows-x86_64 | 1.1 | 10.00 | 43.00 | 53.00 | NOTE | |
r-oldrel-macos-arm64 | 1.1 | NOTE | ||||
r-oldrel-macos-x86_64 | 1.1 | NOTE | ||||
r-oldrel-windows-ix86+x86_64 | 1.1 | 4.00 | 25.00 | 29.00 | NOTE |
Version: 1.1
Check: R code for possible problems
Result: NOTE
genmvnorm: no visible global function definition for 'rnorm'
Undefined global functions or variables:
rnorm
Consider adding
importFrom("stats", "rnorm")
to your NAMESPACE file.
Flavors: r-devel-linux-x86_64-debian-clang, r-devel-linux-x86_64-debian-gcc, r-devel-linux-x86_64-fedora-clang, r-devel-linux-x86_64-fedora-gcc, r-patched-linux-x86_64, r-release-linux-x86_64, r-release-macos-arm64, r-release-macos-x86_64, r-release-windows-x86_64, r-oldrel-macos-arm64, r-oldrel-macos-x86_64, r-oldrel-windows-ix86+x86_64