Last updated on 2022-04-24 03:52:26 CEST.
Flavor | Version | Tinstall | Tcheck | Ttotal | Status | Flags |
---|---|---|---|---|---|---|
r-devel-linux-x86_64-debian-clang | 0.6.0 | 4.72 | 69.39 | 74.11 | NOTE | |
r-devel-linux-x86_64-debian-gcc | 0.6.0 | 4.37 | 52.05 | 56.42 | NOTE | |
r-devel-linux-x86_64-fedora-clang | 0.6.0 | 87.92 | NOTE | |||
r-devel-linux-x86_64-fedora-gcc | 0.6.0 | 73.84 | NOTE | |||
r-patched-linux-x86_64 | 0.6.0 | 4.30 | 64.10 | 68.40 | NOTE | |
r-release-linux-x86_64 | 0.6.0 | 4.94 | 61.57 | 66.51 | NOTE | |
r-release-macos-arm64 | 0.6.0 | NOTE | ||||
r-release-macos-x86_64 | 0.6.0 | NOTE | ||||
r-release-windows-x86_64 | 0.6.0 | 16.00 | 83.00 | 99.00 | NOTE | |
r-oldrel-macos-arm64 | 0.6.0 | NOTE | ||||
r-oldrel-macos-x86_64 | 0.6.0 | NOTE | ||||
r-oldrel-windows-ix86+x86_64 | 0.6.0 | 13.00 | 72.00 | 85.00 | NOTE |
Version: 0.6.0
Check: package dependencies
Result: NOTE
Package suggested but not available for checking: 'genderdata'
Flavors: r-devel-linux-x86_64-debian-clang, r-devel-linux-x86_64-debian-gcc, r-devel-linux-x86_64-fedora-clang, r-devel-linux-x86_64-fedora-gcc, r-patched-linux-x86_64, r-release-linux-x86_64, r-release-macos-arm64, r-release-macos-x86_64, r-release-windows-x86_64, r-oldrel-macos-arm64, r-oldrel-macos-x86_64, r-oldrel-windows-ix86+x86_64